t a be l(-4). Let b be m(a). What is the highest common factor of b and 76?
38
Suppose 5*r - 10 + 20 = 0. Let v be r/(-18)*15*3. Calculate the greatest common divisor of 2 and v.
1
Let h = -2 + 6. Suppose h*d + 3*f - 4 = 0, 0 = -0*d + 2*d + 5*f + 12. Suppose -2*o - 2*o = -12, 3*o - 11 = -j. What is the greatest common factor of d and j?
2
Let n = 101 + -192. Let a = -7 - n. Calculate the highest common factor of a and 14.
14
Suppose 2 = 4*m - 2. Let r be -5 + 3 + 0 - (m + -27). Calculate the highest common factor of 8 and r.
8
Let f be ((-20)/(-15))/(-5 + (-305)/(-60)). Calculate the greatest common factor of 20 and f.
4
Suppose 13 = 3*k + 2*x, 0 = 5*k - 4*x + 1 - 8. Suppose 5*h - 3*v - 105 = 4*h, 0 = 4*h + k*v - 375. Calculate the highest common factor of h and 12.
12
Let r be (-18)/(-135) - (178/(-15) + 2). Suppose r*u - 35 = 75. What is the highest common factor of u and 77?
11
Suppose 114 = 10*g - 286. What is the highest common factor of g and 45?
5
Suppose q = -3*j + 147, 0 = 9*q - 11*q. What is the highest common factor of 3 and j?
1
Let i(b) = -b**2 - 32*b - 51. Let m = 57 - 84. Let q be i(m). Calculate the greatest common factor of 42 and q.
42
Let n(v) = v**2 + 22*v + 87. Let z be n(-5). Let y(r) = -r - 5. Let t be y(0). Let h be (-1 - -8)/(t/(-10)). Calculate the highest common divisor of h and z.
2
Suppose 2*l - 5*l = 18. Let c be 0*(-1)/2 - l. Calculate the highest common divisor of c and 6.
6
Let f(d) = -d**3 - 6*d**2 - 11*d - 9. Let x be f(-4). Suppose 8*k = x*k + 290. What is the greatest common divisor of k and 29?
29
Let j be ((-5)/(-10))/((-1)/(-2)). Let p = -817 - -822. What is the highest common factor of p and j?
1
Suppose 6*c - 112 = 92. Calculate the greatest common divisor of 187 and c.
17
Let q = 150 - -12. Suppose -4*i + b = -6*i + q, 0 = -3*i + 4*b + 232. Calculate the highest common factor of i and 32.
16
Let i be 30/4*(-426)/9. Let t = i + 597. What is the greatest common divisor of t and 22?
22
Let f = -1698 + 1714. What is the greatest common divisor of 272 and f?
16
Let t(w) = 6*w + 96. Let h be t(-5). Calculate the greatest common divisor of h and 88.
22
Suppose 0 = 40*a - 173 - 1627. What is the greatest common divisor of a and 375?
15
Let a(c) = -3*c**2 + 8*c + 8. Let u be a(4). Let m be 3 - (22/u + (-4)/16). Let n = -8 + 62. Calculate the highest common factor of m and n.
6
Let f = -343 + 367. What is the highest common factor of 348 and f?
12
Suppose 7*u = 3*u - 64. Let s be (-2)/u*-6*8. Let g be s/(-18) - 119/(-3). Calculate the greatest common factor of 5 and g.
5
Let i(j) = j**3 - 16*j**2 + 14*j + 19. Let g(v) = 17*v**2 - 2. Let k be g(1). Let q be i(k). What is the greatest common divisor of q and 16?
4
Suppose -r - 12 = -5*r, g = -4*r + 27. Let n = 187 + -112. Calculate the highest common factor of n and g.
15
Let s be -18*(3 - 900/27). What is the highest common divisor of 126 and s?
42
Let k be (5 - 5)*1/(-3). Suppose -2*s = 3*c - c - 10, k = -2*s - 4*c + 6. Let x = 31 + 25. Calculate the highest common divisor of x and s.
7
Let a be 4 - (0/2)/2. Suppose 39 = 5*d + a. Let k(w) = w**3 - 2*w**2 - 2*w + 4. Let i be k(3). Calculate the greatest common divisor of d and i.
7
Let x(v) = v**2 - 9*v + 16. Let f be x(7). Suppose f*j - 6 = -0*j. What is the greatest common divisor of 15 and j?
3
Let j(m) be the third derivative of m**6/120 - 7*m**5/60 + 7*m**4/24 + m**3/2 + 7*m**2. Let t be j(6). Calculate the highest common factor of 99 and t.
9
Let o(u) = -u**3 + u**2 + 378. Let i be o(0). Suppose -7*r = -13*r + i. What is the highest common divisor of r and 9?
9
Let c = -1124 - -1164. What is the highest common divisor of 1720 and c?
40
Let u = 1557 + -1517. What is the greatest common divisor of 192 and u?
8
Let t = 45 + -45. Let r be (t - -1)*(0 + (0 - -6)). Calculate the highest common factor of 6 and r.
6
Suppose -2*l - l = -15. Suppose 32 = l*z - 13. Suppose -2 + 0 = -2*d. Calculate the highest common divisor of z and d.
1
Suppose -5*g = -0*g - 10. Suppose -g*d - 100 = -0*y - 5*y, 4*y - 78 = 2*d. Calculate the greatest common factor of 198 and y.
22
Let f(u) = -28*u - 11. Let j be f(-11). Calculate the greatest common divisor of 27 and j.
27
Suppose 39*k - 20 = 35*k. Suppose -k*o + 851 = a, o - 175 + 2 = -3*a. What is the highest common factor of o and 68?
34
Let d = 1185 + -876. What is the highest common divisor of d and 3?
3
Let i be (-2)/6 + 1086/18. Suppose -6 = 2*g + 5*w - 34, -12 = 3*w. What is the highest common divisor of i and g?
12
Suppose 7 = 2*b + 1. Suppose 0 = -b*s - s + 56. Suppose -x = 4*f - 132, -4 - 16 = -4*f. What is the greatest common divisor of x and s?
14
Let r = -41 - -166. Suppose 0 = -2*h + 22 + 150. Let x = h - 61. Calculate the highest common factor of x and r.
25
Let g(m) = m - 5 + 0*m - 3 + 6. Let t be g(8). What is the greatest common factor of 48 and t?
6
Let h(r) = -65*r + 274. Let x be h(4). Calculate the highest common divisor of x and 98.
14
Let w be ((-28)/(-63))/((-2)/(-9)). Let c be w - -2 - (-4)/(-2). What is the highest common divisor of c and 18?
2
Let k(r) = r**2 + 7*r + 4. Let s = 4 + -11. Let y be k(s). What is the highest common divisor of y and 8?
4
Let u be (-1 + -5)/((-872)/72 + 12). Let w be -20*3/(-3) - 2. What is the highest common factor of w and u?
18
Let u be (2 - -1)/(-4 + 52/16). Let w be (u - 20/(-6))*-6. What is the highest common factor of 4 and w?
4
Let u = 4 + -2. Let o = 57 + -55. Suppose -u*f + 112 = o*f. Calculate the greatest common factor of 7 and f.
7
Let o be (320/24 + -1)*3 + 5. Let k = 9 + -3. What is the highest common factor of o and k?
6
Let z(u) = -u**2 - 14*u + 23. Let i be z(-11). Calculate the greatest common divisor of i and 40.
8
Suppose 3*i = -n + 6 + 3, -n + 3*i + 9 = 0. Suppose -n*k = -7*k - 80. Let u be (16/(-10))/(2/(-10)). Calculate the greatest common divisor of u and k.
8
Let r be (-6)/12 - 57/(-2). Suppose -5*h + 3*i = -335, 0 = i + i - 10. Calculate the highest common divisor of r and h.
14
Suppose 5639 = 5*v + i, 0 = -2*v - 0*i + 2*i + 2246. What is the greatest common factor of v and 98?
49
Let s = -1989 - -2015. What is the greatest common factor of 3328 and s?
26
Suppose -1351 - 3789 = -4*p + 4*u, p - 1282 = 2*u. Calculate the greatest common factor of p and 28.
28
Let m be (1*360/(-16))/(6/(-8)). Calculate the greatest common factor of m and 200.
10
Let k(h) = -198*h - 69. Let o be k(-3). What is the highest common divisor of o and 140?
35
Let r be ((-1)/3)/((-33)/2772). Calculate the greatest common divisor of r and 20.
4
Let p(n) = -n**3 - 3*n**2 + 9*n + 18. Let a be p(-6). Calculate the highest common divisor of a and 342.
18
Let d(t) be the third derivative of t**5/15 + t**4/24 - t**3 + 13*t**2. Suppose -4*a + 40 = -9*a. Let x be d(a). What is the highest common divisor of x and 22?
22
Suppose -15*c + 459 = 54. What is the greatest common factor of 3 and c?
3
Let b be 1/(-1)*(-9 - 1). Let x = -4 + b. Let w = -742 - -754. What is the greatest common factor of x and w?
6
Let o be 470/50 + (-2)/5. Calculate the highest common factor of o and 66.
3
Suppose -3*j - 16 = -a - 6, 5*j - 6 = -4*a. Suppose m + 16 - 37 = -d, -16 = -m + a*d. Suppose 2*z - 6*z = -m. Calculate the highest common factor of 5 and z.
5
Suppose -38 = -y + 5*r - 3*r, 3*y = -3*r + 123. Suppose 5*h - h - y = 0. What is the greatest common factor of 40 and h?
10
Let h(f) = -f**2 + 3*f + 5. Let c = 37 + -33. Let z be h(c). What is the greatest common divisor of 3 and z?
1
Let m be (-1 + 34/4)*(36 + -30). Calculate the highest common factor of m and 1035.
45
Let x(v) = 51*v + 2. Let s be x(3). Let r be (-92 - 1)*4/(-6). Calculate the highest common divisor of s and r.
31
Let b(z) = -24 - z**2 + 2*z - 4*z + 6*z**2. Let v be b(6). What is the greatest common divisor of 18 and v?
18
Let s be -36*(50/15 + -4). What is the highest common divisor of 3 and s?
3
Let o(s) = -s**2 - 14*s - 31. Let u be o(-11). Let x be (u/(-7) - 16/(-7))*4. What is the greatest common divisor of x and 232?
8
Let j(k) = k**2 - 2*k + 2. Let a be j(4). Calculate the greatest common factor of a and 30.
10
Let x be (46/(-23))/((-5)/(-65)*-2). Let j be (-467)/(-4) + 1/4. Calculate the highest common divisor of j and x.
13
Let l = 0 - 0. Suppose -2*d = -3*g + 44, -5*g - 5*d